{"id":293055,"date":"2024-09-04T08:31:56","date_gmt":"2024-09-04T06:31:56","guid":{"rendered":"https:\/\/os-milna.skole.hr\/?page_id=293055"},"modified":"2026-01-05T09:19:30","modified_gmt":"2026-01-05T08:19:30","slug":"pristup-informacijama","status":"publish","type":"page","link":"https:\/\/os-milna.skole.hr\/?page_id=293055","title":{"rendered":"Pristup informacijama"},"content":{"rendered":"<p>[et_pb_section fb_built=&#8221;1&#8243; _builder_version=&#8221;4.25.0&#8243; _module_preset=&#8221;default&#8221; global_colors_info=&#8221;{}&#8221;][et_pb_row _builder_version=&#8221;4.25.0&#8243; _module_preset=&#8221;default&#8221; hover_enabled=&#8221;0&#8243; global_colors_info=&#8221;{}&#8221; sticky_enabled=&#8221;0&#8243;][et_pb_column type=&#8221;4_4&#8243; _builder_version=&#8221;4.25.0&#8243; _module_preset=&#8221;default&#8221; global_colors_info=&#8221;{}&#8221;][et_pb_text _builder_version=&#8221;4.25.0&#8243; _module_preset=&#8221;default&#8221; global_colors_info=&#8221;{}&#8221;]<\/p>\n<p><a href=\"https:\/\/os-milna.skole.hr\/wp-content\/uploads\/sites\/2075\/2025\/02\/2024._Godisnje-izvjesce-o-provedbi-Zakona-o-pravu-na-pristup-informacija-za-2024.-godinu.pdf\" rel=\"attachment wp-att-294435\">2024._Godi\u0161nje izvje\u0161\u0107e o provedbi Zakona o pravu na pristup informacija za 2024. godinu<\/a><\/p>\n<p>[\/et_pb_text][\/et_pb_column][\/et_pb_row][et_pb_row _builder_version=&#8221;4.25.0&#8243; _module_preset=&#8221;default&#8221; custom_margin=&#8221;-51px|auto||auto||&#8221;][et_pb_column _builder_version=&#8221;4.25.0&#8243; _module_preset=&#8221;default&#8221; type=&#8221;4_4&#8243;][et_pb_text _builder_version=&#8221;4.25.0&#8243; _module_preset=&#8221;default&#8221; hover_enabled=&#8221;0&#8243; sticky_enabled=&#8221;0&#8243; min_height=&#8221;26.8px&#8221; custom_margin=&#8221;-65px|||||&#8221; custom_padding=&#8221;59px|||||&#8221;]<\/p>\n<p><a href=\"https:\/\/os-milna.skole.hr\/wp-content\/uploads\/sites\/2075\/2026\/01\/2025._Godisnje-izvjesce-o-provedbi-Zakona-o-pravu-na-pristup-informacija-za-2024.-godinu.pdf\" rel=\"attachment wp-att-296316\">2025._Godi\u0161nje izvje\u0161\u0107e o provedbi Zakona o pravu na pristup informacija za 2025. godinu<\/a><\/p>\n<p>[\/et_pb_text][\/et_pb_column][\/et_pb_row][\/et_pb_section]<\/p>\n","protected":false},"excerpt":{"rendered":"<p>2024._Godi\u0161nje izvje\u0161\u0107e o provedbi Zakona o pravu na pristup informacija za 2024. godinu2025._Godi\u0161nje izvje\u0161\u0107e o provedbi Zakona o pravu na pristup informacija za 2025. godinu<\/p>\n","protected":false},"author":3350,"featured_media":0,"parent":0,"menu_order":0,"comment_status":"closed","ping_status":"closed","template":"","meta":{"_et_pb_use_builder":"on","_et_pb_old_content":"","_et_gb_content_width":"","footnotes":""},"class_list":["post-293055","page","type-page","status-publish","hentry"],"_links":{"self":[{"href":"https:\/\/os-milna.skole.hr\/index.php?rest_route=\/wp\/v2\/pages\/293055","targetHints":{"allow":["GET"]}}],"collection":[{"href":"https:\/\/os-milna.skole.hr\/index.php?rest_route=\/wp\/v2\/pages"}],"about":[{"href":"https:\/\/os-milna.skole.hr\/index.php?rest_route=\/wp\/v2\/types\/page"}],"author":[{"embeddable":true,"href":"https:\/\/os-milna.skole.hr\/index.php?rest_route=\/wp\/v2\/users\/3350"}],"replies":[{"embeddable":true,"href":"https:\/\/os-milna.skole.hr\/index.php?rest_route=%2Fwp%2Fv2%2Fcomments&post=293055"}],"version-history":[{"count":4,"href":"https:\/\/os-milna.skole.hr\/index.php?rest_route=\/wp\/v2\/pages\/293055\/revisions"}],"predecessor-version":[{"id":296322,"href":"https:\/\/os-milna.skole.hr\/index.php?rest_route=\/wp\/v2\/pages\/293055\/revisions\/296322"}],"wp:attachment":[{"href":"https:\/\/os-milna.skole.hr\/index.php?rest_route=%2Fwp%2Fv2%2Fmedia&parent=293055"}],"curies":[{"name":"wp","href":"https:\/\/api.w.org\/{rel}","templated":true}]}}