{"id":295251,"date":"2025-04-24T11:32:38","date_gmt":"2025-04-24T09:32:38","guid":{"rendered":"https:\/\/os-milna.skole.hr\/?page_id=295251"},"modified":"2026-04-20T12:25:49","modified_gmt":"2026-04-20T10:25:49","slug":"skolska-zadruga","status":"publish","type":"page","link":"https:\/\/os-milna.skole.hr\/?page_id=295251","title":{"rendered":"\u0160kolska zadruga"},"content":{"rendered":"<p>[et_pb_section fb_built=&#8221;1&#8243; _builder_version=&#8221;4.25.0&#8243; _module_preset=&#8221;default&#8221; global_colors_info=&#8221;{}&#8221;][et_pb_row _builder_version=&#8221;4.25.0&#8243; _module_preset=&#8221;default&#8221; global_colors_info=&#8221;{}&#8221;][et_pb_column type=&#8221;4_4&#8243; _builder_version=&#8221;4.25.0&#8243; _module_preset=&#8221;default&#8221; global_colors_info=&#8221;{}&#8221;][et_pb_accordion open_toggle_background_color=&#8221;#0C71C3&#8243; closed_toggle_background_color=&#8221;#0DA0C5&#8243; _builder_version=&#8221;4.27.6&#8243; _module_preset=&#8221;default&#8221; background_color=&#8221;#0c5fd3&#8243; use_background_color_gradient=&#8221;on&#8221; background_enable_mask_style=&#8221;on&#8221; background_mask_style=&#8221;wave&#8221; hover_enabled=&#8221;0&#8243; global_colors_info=&#8221;{}&#8221; sticky_enabled=&#8221;0&#8243;][et_pb_accordion_item title=&#8221;EKO GRUPA&#8221; _builder_version=&#8221;4.27.6&#8243; _module_preset=&#8221;default&#8221; background_color=&#8221;#FFFFFF&#8221; background_enable_color=&#8221;on&#8221; hover_enabled=&#8221;0&#8243; global_colors_info=&#8221;{}&#8221; open=&#8221;off&#8221; sticky_enabled=&#8221;0&#8243;]<\/p>\n<p><strong data-start=\"228\" data-end=\"261\">Magnet od gipsa s logom \u0161kole<\/strong><br data-start=\"261\" data-end=\"264\" \/>Ru\u010dno izra\u0111eni magneti od gipsa s logom na\u0161e \u0161kole spoj su kreativnosti i \u0161kolskog ponosa. Izra\u0111ivali smo ih izlijevanjem gipsa u silikonske kalupe, a zatim smo ih pa\u017eljivo oslikavali akrilnim bojama. Na pole\u0111inu smo pri\u010dvrstili magnet, pa proizvod osim \u0161to lijepo izgleda, mo\u017ee ukrasiti i dr\u017eati bilje\u0161ke na hladnjaku ili plo\u010di.<\/p>\n<p><img decoding=\"async\" src=\"https:\/\/os-milna.skole.hr\/wp-content\/uploads\/sites\/2075\/2025\/05\/1-240x300.jpg\" width=\"240\" height=\"300\" alt=\"\" class=\"wp-image-295353 alignnone size-medium\" \/> <img decoding=\"async\" src=\"https:\/\/os-milna.skole.hr\/wp-content\/uploads\/sites\/2075\/2025\/05\/2-240x300.jpg\" width=\"240\" height=\"300\" alt=\"\" class=\"wp-image-295356 alignnone size-medium\" \/><img decoding=\"async\" src=\"https:\/\/os-milna.skole.hr\/wp-content\/uploads\/sites\/2075\/2026\/04\/WhatsApp-Image-2026-04-20-at-11.55.32-3-138x300.jpeg\" width=\"138\" height=\"300\" alt=\"\" class=\"wp-image-296712 alignnone size-medium\" \/> <img decoding=\"async\" src=\"https:\/\/os-milna.skole.hr\/wp-content\/uploads\/sites\/2075\/2026\/04\/WhatsApp-Image-2026-04-20-at-11.55.32-2-138x300.jpeg\" width=\"138\" height=\"300\" alt=\"\" class=\"wp-image-296715 alignnone size-medium\" \/> <img decoding=\"async\" src=\"https:\/\/os-milna.skole.hr\/wp-content\/uploads\/sites\/2075\/2026\/04\/WhatsApp-Image-2026-04-20-at-11.55.32-1-138x300.jpeg\" width=\"138\" height=\"300\" alt=\"\" class=\"wp-image-296718 alignnone size-medium\" \/> <img decoding=\"async\" src=\"https:\/\/os-milna.skole.hr\/wp-content\/uploads\/sites\/2075\/2026\/04\/WhatsApp-Image-2026-04-20-at-11.55.53-138x300.jpeg\" width=\"138\" height=\"300\" alt=\"\" class=\"wp-image-296721 alignnone size-medium\" \/><\/p>\n<p><strong>Nakit od epoxy smole<\/strong><\/p>\n<p data-start=\"159\" data-end=\"439\">Nakit od epoxy smole izra\u0111ujemo ru\u010dno, koriste\u0107i pravo cvije\u0107e s otoka <span class=\"hover:entity-accent entity-underline inline cursor-pointer align-baseline\"><span class=\"whitespace-normal\">Bra\u010d<\/span><\/span>. Svaki komad \u010duva mali dio prirode \u2013 cvijet koji je nekad rastao na na\u0161em otoku, sada trajno sa\u010duvan u prozirnoj smoli.<\/p>\n<p data-start=\"159\" data-end=\"439\"><img decoding=\"async\" src=\"https:\/\/os-milna.skole.hr\/wp-content\/uploads\/sites\/2075\/2026\/04\/WhatsApp-Image-2026-04-20-at-12.17.58-139x300.jpeg\" width=\"139\" height=\"300\" alt=\"\" class=\"wp-image-296724 alignnone size-medium\" \/> <img decoding=\"async\" src=\"https:\/\/os-milna.skole.hr\/wp-content\/uploads\/sites\/2075\/2026\/04\/WhatsApp-Image-2026-04-20-at-12.17.50-139x300.jpeg\" width=\"139\" height=\"300\" alt=\"\" class=\"wp-image-296727 alignnone size-medium\" \/> <img decoding=\"async\" src=\"https:\/\/os-milna.skole.hr\/wp-content\/uploads\/sites\/2075\/2026\/04\/WhatsApp-Image-2026-04-20-at-12.17.28-2-139x300.jpeg\" width=\"139\" height=\"300\" alt=\"\" class=\"wp-image-296730 alignnone size-medium\" \/> <img decoding=\"async\" src=\"https:\/\/os-milna.skole.hr\/wp-content\/uploads\/sites\/2075\/2026\/04\/WhatsApp-Image-2026-04-20-at-12.17.28-1-139x300.jpeg\" width=\"139\" height=\"300\" alt=\"\" class=\"wp-image-296733 alignnone size-medium\" \/> <img decoding=\"async\" src=\"https:\/\/os-milna.skole.hr\/wp-content\/uploads\/sites\/2075\/2026\/04\/WhatsApp-Image-2026-04-20-at-12.17.28-139x300.jpeg\" width=\"139\" height=\"300\" alt=\"\" class=\"wp-image-296736 alignnone size-medium\" \/> <img decoding=\"async\" src=\"https:\/\/os-milna.skole.hr\/wp-content\/uploads\/sites\/2075\/2026\/04\/WhatsApp-Image-2026-04-20-at-11.55.32-3-1-138x300.jpeg\" width=\"138\" height=\"300\" alt=\"\" class=\"wp-image-296739 alignnone size-medium\" \/><\/p>\n<p>&nbsp;<\/p>\n<p>[\/et_pb_accordion_item][et_pb_accordion_item title=&#8221;MLADE VEZILJE&#8221; _builder_version=&#8221;4.27.6&#8243; _module_preset=&#8221;default&#8221; background_color=&#8221;#FFFFFF&#8221; background_enable_color=&#8221;on&#8221; hover_enabled=&#8221;0&#8243; global_colors_info=&#8221;{}&#8221; open=&#8221;off&#8221; sticky_enabled=&#8221;0&#8243;]<\/p>\n<p><strong data-start=\"600\" data-end=\"632\">Ru\u010dno heklana gumica za kosu<\/strong><br data-start=\"632\" data-end=\"635\" \/>Na\u0161e heklane gumice za kosu spajaju tradiciju i modu. Heklanjem vune oko obi\u010dne gumice izradili smo \u010dvrste i udobne gumice koje su nje\u017ene prema kosi. Svaka je unikatna, \u0161arena i prakti\u010dna \u2014 mo\u017ee uljep\u0161ati frizuru, poslu\u017eiti kao poklon ili kao lijep suvenir iz na\u0161e zadruge.<\/p>\n<p><img decoding=\"async\" src=\"https:\/\/os-milna.skole.hr\/wp-content\/uploads\/sites\/2075\/2025\/05\/5-240x300.jpg\" width=\"240\" height=\"300\" alt=\"\" class=\"wp-image-295362 alignnone size-medium\" \/> <img decoding=\"async\" src=\"https:\/\/os-milna.skole.hr\/wp-content\/uploads\/sites\/2075\/2025\/05\/6-240x300.jpg\" width=\"240\" height=\"300\" alt=\"\" class=\"wp-image-295365 alignnone size-medium\" \/> <img decoding=\"async\" src=\"https:\/\/os-milna.skole.hr\/wp-content\/uploads\/sites\/2075\/2025\/05\/7-240x300.jpg\" width=\"240\" height=\"300\" alt=\"\" class=\"wp-image-295368 alignnone size-medium\" \/><\/p>\n<p>&nbsp;<\/p>\n<p>[\/et_pb_accordion_item][et_pb_accordion_item title=&#8221;LIKOVNA SEKCIJA&#8221; _builder_version=&#8221;4.27.6&#8243; _module_preset=&#8221;default&#8221; background_color=&#8221;#FFFFFF&#8221; background_enable_color=&#8221;on&#8221; hover_enabled=&#8221;0&#8243; global_colors_info=&#8221;{}&#8221; open=&#8221;off&#8221; sticky_enabled=&#8221;0&#8243;]<\/p>\n<p><strong data-start=\"915\" data-end=\"951\">Umanjena bunja od bra\u010dkog kamena<\/strong><br data-start=\"951\" data-end=\"954\" \/>Minijaturne bunje koje smo izradili podsje\u0107aju na tradicionalne dalmatinske suhozidne gra\u0111evine. Ru\u010dno smo slagali kamen\u010di\u0107e od bra\u010dkog kamena, ostatka iz lokalnih kamenoloma, i tako stvorili dekorativne i edukativne makete koje \u010duvaju pri\u010du o na\u0161oj kulturnoj ba\u0161tini i brizi za okoli\u0161.<\/p>\n<p><img decoding=\"async\" src=\"https:\/\/os-milna.skole.hr\/wp-content\/uploads\/sites\/2075\/2025\/05\/Untitled-design-3-240x300.jpg\" width=\"240\" height=\"300\" alt=\"\" class=\"wp-image-295371 alignnone size-medium\" \/> <img decoding=\"async\" src=\"https:\/\/os-milna.skole.hr\/wp-content\/uploads\/sites\/2075\/2025\/05\/Untitled-design-2-240x300.jpg\" width=\"240\" height=\"300\" alt=\"\" class=\"wp-image-295374 alignnone size-medium\" \/><img decoding=\"async\" src=\"https:\/\/os-milna.skole.hr\/wp-content\/uploads\/sites\/2075\/2026\/04\/WhatsApp-Image-2026-04-20-at-11.18.11-1-225x300.jpeg\" width=\"225\" height=\"300\" alt=\"\" class=\"wp-image-296742 alignnone size-medium\" \/> <img decoding=\"async\" src=\"https:\/\/os-milna.skole.hr\/wp-content\/uploads\/sites\/2075\/2026\/04\/WhatsApp-Image-2026-04-20-at-11.18.11-225x300.jpeg\" width=\"225\" height=\"300\" alt=\"\" class=\"wp-image-296745 alignnone size-medium\" \/> <img decoding=\"async\" src=\"https:\/\/os-milna.skole.hr\/wp-content\/uploads\/sites\/2075\/2026\/04\/WhatsApp-Image-2026-01-29-at-14.00.26-2-225x300.jpeg\" width=\"225\" height=\"300\" alt=\"\" class=\"wp-image-296748 alignnone size-medium\" \/> <img decoding=\"async\" src=\"https:\/\/os-milna.skole.hr\/wp-content\/uploads\/sites\/2075\/2026\/04\/WhatsApp-Image-2026-01-29-at-14.00.26-1-225x300.jpeg\" width=\"225\" height=\"300\" alt=\"\" class=\"wp-image-296751 alignnone size-medium\" \/> <img decoding=\"async\" src=\"https:\/\/os-milna.skole.hr\/wp-content\/uploads\/sites\/2075\/2026\/04\/WhatsApp-Image-2026-01-29-at-14.00.26-225x300.jpeg\" width=\"225\" height=\"300\" alt=\"\" class=\"wp-image-296754 alignnone size-medium\" \/><\/p>\n<p>[\/et_pb_accordion_item][et_pb_accordion_item title=&#8221;DIGITALNI MEDIJI&#8221; open=&#8221;on&#8221; _builder_version=&#8221;4.25.0&#8243; _module_preset=&#8221;default&#8221; background_color=&#8221;#FFFFFF&#8221; background_enable_color=&#8221;on&#8221; global_colors_info=&#8221;{}&#8221;]<\/p>\n<p><strong data-start=\"126\" data-end=\"174\">Dizajn etiketa i ambala\u017ee<\/strong><br data-start=\"174\" data-end=\"177\" \/>\u010clanovi Digitalnih medija izra\u0111uju sve \u0161to je potrebno za predstavljanje proizvoda na\u0161e \u0161kolske zadruge. Dizajnirali smo etikete, deklaracije, ambala\u017eu i cjenike koji prate na\u0161e proizvode na sajmovima, izlo\u017ebama i prodajnim mjestima. Na\u0161 cilj je da svaki proizvod izgleda lijepo, uredno i prepoznatljivo, a da kupci odmah dobiju sve va\u017ene informacije. Kroz ovaj rad u\u010dimo i razvijamo vje\u0161tine grafi\u010dkog dizajna, timskog rada i vizualnog komuniciranja.<\/p>\n<p><img decoding=\"async\" src=\"https:\/\/os-milna.skole.hr\/wp-content\/uploads\/sites\/2075\/2025\/05\/3-300x200.png\" width=\"300\" height=\"200\" alt=\"\" class=\"wp-image-295377 alignnone size-medium\" \/> <img decoding=\"async\" src=\"https:\/\/os-milna.skole.hr\/wp-content\/uploads\/sites\/2075\/2025\/05\/1-300x213.png\" width=\"300\" height=\"213\" alt=\"\" class=\"wp-image-295383 alignnone size-medium\" \/><img decoding=\"async\" src=\"https:\/\/os-milna.skole.hr\/wp-content\/uploads\/sites\/2075\/2025\/05\/cghcvg-141x300.png\" width=\"141\" height=\"300\" alt=\"\" class=\"wp-image-295407 alignnone size-medium\" srcset=\"https:\/\/os-milna.skole.hr\/wp-content\/uploads\/sites\/2075\/2025\/05\/cghcvg-141x300.png 141w, https:\/\/os-milna.skole.hr\/wp-content\/uploads\/sites\/2075\/2025\/05\/cghcvg.png 435w\" sizes=\"(max-width: 141px) 100vw, 141px\" \/><\/p>\n<p>[\/et_pb_accordion_item][\/et_pb_accordion][\/et_pb_column][\/et_pb_row][\/et_pb_section]<\/p>\n","protected":false},"excerpt":{"rendered":"<p>Magnet od gipsa s logom \u0161koleRu\u010dno izra\u0111eni magneti od gipsa s logom na\u0161e \u0161kole spoj su kreativnosti i \u0161kolskog ponosa. Izra\u0111ivali smo ih izlijevanjem gipsa u silikonske kalupe, a zatim smo ih pa\u017eljivo oslikavali akrilnim bojama. Na pole\u0111inu smo pri\u010dvrstili magnet, pa proizvod osim \u0161to lijepo izgleda, mo\u017ee ukrasiti i dr\u017eati bilje\u0161ke na hladnjaku ili [&hellip;]<\/p>\n","protected":false},"author":3350,"featured_media":0,"parent":0,"menu_order":0,"comment_status":"closed","ping_status":"closed","template":"","meta":{"_et_pb_use_builder":"on","_et_pb_old_content":"<!-- wp:divi\/placeholder \/-->","_et_gb_content_width":"","footnotes":""},"class_list":["post-295251","page","type-page","status-publish","hentry"],"_links":{"self":[{"href":"https:\/\/os-milna.skole.hr\/index.php?rest_route=\/wp\/v2\/pages\/295251","targetHints":{"allow":["GET"]}}],"collection":[{"href":"https:\/\/os-milna.skole.hr\/index.php?rest_route=\/wp\/v2\/pages"}],"about":[{"href":"https:\/\/os-milna.skole.hr\/index.php?rest_route=\/wp\/v2\/types\/page"}],"author":[{"embeddable":true,"href":"https:\/\/os-milna.skole.hr\/index.php?rest_route=\/wp\/v2\/users\/3350"}],"replies":[{"embeddable":true,"href":"https:\/\/os-milna.skole.hr\/index.php?rest_route=%2Fwp%2Fv2%2Fcomments&post=295251"}],"version-history":[{"count":9,"href":"https:\/\/os-milna.skole.hr\/index.php?rest_route=\/wp\/v2\/pages\/295251\/revisions"}],"predecessor-version":[{"id":296757,"href":"https:\/\/os-milna.skole.hr\/index.php?rest_route=\/wp\/v2\/pages\/295251\/revisions\/296757"}],"wp:attachment":[{"href":"https:\/\/os-milna.skole.hr\/index.php?rest_route=%2Fwp%2Fv2%2Fmedia&parent=295251"}],"curies":[{"name":"wp","href":"https:\/\/api.w.org\/{rel}","templated":true}]}}

Školska zadruga

<p>[et_pb_section fb_built=&#8221;1&#8243; _builder_version=&#8221;4.25.0&#8243; _module_preset=&#8221;default&#8221; global_colors_info=&#8221;{}&#8221;][et_pb_row _builder_version=&#8221;4.25.0&#8243; _module_preset=&#8221;default&#8221; global_colors_info=&#8221;{}&#8221;][et_pb_column type=&#8221;4_4&#8243; _builder_version=&#8221;4.25.0&#8243; _module_preset=&#8221;default&#8221; global_colors_info=&#8221;{}&#8221;][et_pb_accordion open_toggle_background_color=&#8221;#0C71C3&#8243; closed_toggle_background_color=&#8221;#0DA0C5&#8243; _builder_version=&#8221;4.27.6&#8243; _module_preset=&#8221;default&#8221; background_color=&#8221;#0c5fd3&#8243; use_background_color_gradient=&#8221;on&#8221; background_enable_mask_style=&#8221;on&#8221; background_mask_style=&#8221;wave&#8221; hover_enabled=&#8221;0&#8243; global_colors_info=&#8221;{}&#8221; sticky_enabled=&#8221;0&#8243;][et_pb_accordion_item title=&#8221;EKO GRUPA&#8221; _builder_version=&#8221;4.27.6&#8243; _module_preset=&#8221;default&#8221; background_color=&#8221;#FFFFFF&#8221; background_enable_color=&#8221;on&#8221; hover_enabled=&#8221;0&#8243; global_colors_info=&#8221;{}&#8221; open=&#8221;off&#8221; sticky_enabled=&#8221;0&#8243;]</p>
<p><strong data-start="228" data-end="261">Magnet od gipsa s logom škole</strong><br data-start="261" data-end="264" />Ručno izrađeni magneti od gipsa s logom naše škole spoj su kreativnosti i školskog ponosa. Izrađivali smo ih izlijevanjem gipsa u silikonske kalupe, a zatim smo ih pažljivo oslikavali akrilnim bojama. Na poleđinu smo pričvrstili magnet, pa proizvod osim što lijepo izgleda, može ukrasiti i držati bilješke na hladnjaku ili ploči.</p>
<p><img decoding="async" src="https://os-milna.skole.hr/wp-content/uploads/sites/2075/2025/05/1-240x300.jpg" width="240" height="300" alt="" class="wp-image-295353 alignnone size-medium" /> <img decoding="async" src="https://os-milna.skole.hr/wp-content/uploads/sites/2075/2025/05/2-240x300.jpg" width="240" height="300" alt="" class="wp-image-295356 alignnone size-medium" /><img decoding="async" src="https://os-milna.skole.hr/wp-content/uploads/sites/2075/2026/04/WhatsApp-Image-2026-04-20-at-11.55.32-3-138x300.jpeg" width="138" height="300" alt="" class="wp-image-296712 alignnone size-medium" /> <img decoding="async" src="https://os-milna.skole.hr/wp-content/uploads/sites/2075/2026/04/WhatsApp-Image-2026-04-20-at-11.55.32-2-138x300.jpeg" width="138" height="300" alt="" class="wp-image-296715 alignnone size-medium" /> <img decoding="async" src="https://os-milna.skole.hr/wp-content/uploads/sites/2075/2026/04/WhatsApp-Image-2026-04-20-at-11.55.32-1-138x300.jpeg" width="138" height="300" alt="" class="wp-image-296718 alignnone size-medium" /> <img decoding="async" src="https://os-milna.skole.hr/wp-content/uploads/sites/2075/2026/04/WhatsApp-Image-2026-04-20-at-11.55.53-138x300.jpeg" width="138" height="300" alt="" class="wp-image-296721 alignnone size-medium" /></p>
<p><strong>Nakit od epoxy smole</strong></p>
<p data-start="159" data-end="439">Nakit od epoxy smole izrađujemo ručno, koristeći pravo cvijeće s otoka <span class="hover:entity-accent entity-underline inline cursor-pointer align-baseline"><span class="whitespace-normal">Brač</span></span>. Svaki komad čuva mali dio prirode – cvijet koji je nekad rastao na našem otoku, sada trajno sačuvan u prozirnoj smoli.</p>
<p data-start="159" data-end="439"><img decoding="async" src="https://os-milna.skole.hr/wp-content/uploads/sites/2075/2026/04/WhatsApp-Image-2026-04-20-at-12.17.58-139x300.jpeg" width="139" height="300" alt="" class="wp-image-296724 alignnone size-medium" /> <img decoding="async" src="https://os-milna.skole.hr/wp-content/uploads/sites/2075/2026/04/WhatsApp-Image-2026-04-20-at-12.17.50-139x300.jpeg" width="139" height="300" alt="" class="wp-image-296727 alignnone size-medium" /> <img decoding="async" src="https://os-milna.skole.hr/wp-content/uploads/sites/2075/2026/04/WhatsApp-Image-2026-04-20-at-12.17.28-2-139x300.jpeg" width="139" height="300" alt="" class="wp-image-296730 alignnone size-medium" /> <img decoding="async" src="https://os-milna.skole.hr/wp-content/uploads/sites/2075/2026/04/WhatsApp-Image-2026-04-20-at-12.17.28-1-139x300.jpeg" width="139" height="300" alt="" class="wp-image-296733 alignnone size-medium" /> <img decoding="async" src="https://os-milna.skole.hr/wp-content/uploads/sites/2075/2026/04/WhatsApp-Image-2026-04-20-at-12.17.28-139x300.jpeg" width="139" height="300" alt="" class="wp-image-296736 alignnone size-medium" /> <img decoding="async" src="https://os-milna.skole.hr/wp-content/uploads/sites/2075/2026/04/WhatsApp-Image-2026-04-20-at-11.55.32-3-1-138x300.jpeg" width="138" height="300" alt="" class="wp-image-296739 alignnone size-medium" /></p>
<p>&nbsp;</p>
<p>[/et_pb_accordion_item][et_pb_accordion_item title=&#8221;MLADE VEZILJE&#8221; _builder_version=&#8221;4.27.6&#8243; _module_preset=&#8221;default&#8221; background_color=&#8221;#FFFFFF&#8221; background_enable_color=&#8221;on&#8221; hover_enabled=&#8221;0&#8243; global_colors_info=&#8221;{}&#8221; open=&#8221;off&#8221; sticky_enabled=&#8221;0&#8243;]</p>
<p><strong data-start="600" data-end="632">Ručno heklana gumica za kosu</strong><br data-start="632" data-end="635" />Naše heklane gumice za kosu spajaju tradiciju i modu. Heklanjem vune oko obične gumice izradili smo čvrste i udobne gumice koje su nježne prema kosi. Svaka je unikatna, šarena i praktična — može uljepšati frizuru, poslužiti kao poklon ili kao lijep suvenir iz naše zadruge.</p>
<p><img decoding="async" src="https://os-milna.skole.hr/wp-content/uploads/sites/2075/2025/05/5-240x300.jpg" width="240" height="300" alt="" class="wp-image-295362 alignnone size-medium" /> <img decoding="async" src="https://os-milna.skole.hr/wp-content/uploads/sites/2075/2025/05/6-240x300.jpg" width="240" height="300" alt="" class="wp-image-295365 alignnone size-medium" /> <img decoding="async" src="https://os-milna.skole.hr/wp-content/uploads/sites/2075/2025/05/7-240x300.jpg" width="240" height="300" alt="" class="wp-image-295368 alignnone size-medium" /></p>
<p>&nbsp;</p>
<p>[/et_pb_accordion_item][et_pb_accordion_item title=&#8221;LIKOVNA SEKCIJA&#8221; _builder_version=&#8221;4.27.6&#8243; _module_preset=&#8221;default&#8221; background_color=&#8221;#FFFFFF&#8221; background_enable_color=&#8221;on&#8221; hover_enabled=&#8221;0&#8243; global_colors_info=&#8221;{}&#8221; open=&#8221;off&#8221; sticky_enabled=&#8221;0&#8243;]</p>
<p><strong data-start="915" data-end="951">Umanjena bunja od bračkog kamena</strong><br data-start="951" data-end="954" />Minijaturne bunje koje smo izradili podsjećaju na tradicionalne dalmatinske suhozidne građevine. Ručno smo slagali kamenčiće od bračkog kamena, ostatka iz lokalnih kamenoloma, i tako stvorili dekorativne i edukativne makete koje čuvaju priču o našoj kulturnoj baštini i brizi za okoliš.</p>
<p><img decoding="async" src="https://os-milna.skole.hr/wp-content/uploads/sites/2075/2025/05/Untitled-design-3-240x300.jpg" width="240" height="300" alt="" class="wp-image-295371 alignnone size-medium" /> <img decoding="async" src="https://os-milna.skole.hr/wp-content/uploads/sites/2075/2025/05/Untitled-design-2-240x300.jpg" width="240" height="300" alt="" class="wp-image-295374 alignnone size-medium" /><img decoding="async" src="https://os-milna.skole.hr/wp-content/uploads/sites/2075/2026/04/WhatsApp-Image-2026-04-20-at-11.18.11-1-225x300.jpeg" width="225" height="300" alt="" class="wp-image-296742 alignnone size-medium" /> <img decoding="async" src="https://os-milna.skole.hr/wp-content/uploads/sites/2075/2026/04/WhatsApp-Image-2026-04-20-at-11.18.11-225x300.jpeg" width="225" height="300" alt="" class="wp-image-296745 alignnone size-medium" /> <img decoding="async" src="https://os-milna.skole.hr/wp-content/uploads/sites/2075/2026/04/WhatsApp-Image-2026-01-29-at-14.00.26-2-225x300.jpeg" width="225" height="300" alt="" class="wp-image-296748 alignnone size-medium" /> <img decoding="async" src="https://os-milna.skole.hr/wp-content/uploads/sites/2075/2026/04/WhatsApp-Image-2026-01-29-at-14.00.26-1-225x300.jpeg" width="225" height="300" alt="" class="wp-image-296751 alignnone size-medium" /> <img decoding="async" src="https://os-milna.skole.hr/wp-content/uploads/sites/2075/2026/04/WhatsApp-Image-2026-01-29-at-14.00.26-225x300.jpeg" width="225" height="300" alt="" class="wp-image-296754 alignnone size-medium" /></p>
<p>[/et_pb_accordion_item][et_pb_accordion_item title=&#8221;DIGITALNI MEDIJI&#8221; open=&#8221;on&#8221; _builder_version=&#8221;4.25.0&#8243; _module_preset=&#8221;default&#8221; background_color=&#8221;#FFFFFF&#8221; background_enable_color=&#8221;on&#8221; global_colors_info=&#8221;{}&#8221;]</p>
<p><strong data-start="126" data-end="174">Dizajn etiketa i ambalaže</strong><br data-start="174" data-end="177" />Članovi Digitalnih medija izrađuju sve što je potrebno za predstavljanje proizvoda naše školske zadruge. Dizajnirali smo etikete, deklaracije, ambalažu i cjenike koji prate naše proizvode na sajmovima, izložbama i prodajnim mjestima. Naš cilj je da svaki proizvod izgleda lijepo, uredno i prepoznatljivo, a da kupci odmah dobiju sve važne informacije. Kroz ovaj rad učimo i razvijamo vještine grafičkog dizajna, timskog rada i vizualnog komuniciranja.</p>
<p><img decoding="async" src="https://os-milna.skole.hr/wp-content/uploads/sites/2075/2025/05/3-300x200.png" width="300" height="200" alt="" class="wp-image-295377 alignnone size-medium" /> <img decoding="async" src="https://os-milna.skole.hr/wp-content/uploads/sites/2075/2025/05/1-300x213.png" width="300" height="213" alt="" class="wp-image-295383 alignnone size-medium" /><img decoding="async" src="https://os-milna.skole.hr/wp-content/uploads/sites/2075/2025/05/cghcvg-141x300.png" width="141" height="300" alt="" class="wp-image-295407 alignnone size-medium" srcset="https://os-milna.skole.hr/wp-content/uploads/sites/2075/2025/05/cghcvg-141x300.png 141w, https://os-milna.skole.hr/wp-content/uploads/sites/2075/2025/05/cghcvg.png 435w" sizes="(max-width: 141px) 100vw, 141px" /></p>
<p>[/et_pb_accordion_item][/et_pb_accordion][/et_pb_column][/et_pb_row][/et_pb_section]</p>

<p>Magnet od gipsa s logom školeRučno izrađeni magneti od gipsa s logom naše škole spoj su kreativnosti i školskog ponosa. Izrađivali smo ih izlijevanjem gipsa u silikonske kalupe, a zatim smo ih pažljivo oslikavali akrilnim bojama. Na poleđinu smo pričvrstili magnet, pa proizvod osim što lijepo izgleda, može ukrasiti i držati bilješke na hladnjaku ili [&hellip;]</p>
