{"id":56,"date":"2023-07-28T22:06:18","date_gmt":"2023-07-28T20:06:18","guid":{"rendered":"https:\/\/os-milna.skole.hr\/?page_id=56"},"modified":"2026-02-03T10:18:29","modified_gmt":"2026-02-03T09:18:29","slug":"skolski-odbor","status":"publish","type":"page","link":"https:\/\/os-milna.skole.hr\/?page_id=56","title":{"rendered":"\u0160kolski odbor"},"content":{"rendered":"<p>[et_pb_section fb_built=&#8221;1&#8243; _builder_version=&#8221;4.25.0&#8243; _module_preset=&#8221;default&#8221; global_colors_info=&#8221;{}&#8221;][et_pb_row _builder_version=&#8221;4.25.0&#8243; _module_preset=&#8221;default&#8221; global_colors_info=&#8221;{}&#8221;][et_pb_column type=&#8221;4_4&#8243; _builder_version=&#8221;4.25.0&#8243; _module_preset=&#8221;default&#8221; global_colors_info=&#8221;{}&#8221;][et_pb_text _builder_version=&#8221;4.25.0&#8243; _module_preset=&#8221;default&#8221; global_colors_info=&#8221;{}&#8221;]<\/p>\n<p>\u010clanovi \u0160kolskog odbora:<\/p>\n<ol>\n<li>Mate Plazibat &#8211; predsjednik (predstavnik U\u010diteljskog vije\u0107a)<\/li>\n<li>Ivana Lovrekovi\u0107 Bona\u010di\u0107 &#8211; zamjenik predsjednika (predstavnik U\u010diteljskog vije\u0107a)<\/li>\n<li>Maria Stipanovi\u0107 (predstavnik Radni\u010dkog vije\u0107a)<\/li>\n<li>Vickoslav Bona\u010di\u0107-Vi\u010di\u0107\u00a0 &#8211; (predstavnik Vije\u0107a roditelja)<\/li>\n<li>\u00a0 \u00a0 \u00a0 \u00a0 \u00a0 \u00a0 \u00a0 \u00a0 \u00a0 \u00a0 \u00a0 \u00a0 \u00a0 \u00a0 \u00a0 \u00a0(predstavnik Osniva\u010da)<\/li>\n<li>\u00a0 \u00a0 \u00a0 \u00a0 \u00a0 \u00a0 \u00a0 \u00a0 \u00a0 \u00a0 \u00a0 \u00a0 \u00a0 \u00a0 \u00a0 \u00a0(predstavnik Osniva\u010da)<\/li>\n<li>\u00a0 \u00a0 \u00a0 \u00a0 \u00a0 \u00a0 \u00a0 \u00a0 \u00a0 \u00a0 \u00a0 \u00a0 \u00a0 \u00a0 \u00a0 \u00a0(predstavnik Osniva\u010da)<\/li>\n<\/ol>\n<p>[\/et_pb_text][\/et_pb_column][\/et_pb_row][et_pb_row _builder_version=&#8221;4.25.0&#8243; _module_preset=&#8221;default&#8221; global_colors_info=&#8221;{}&#8221;][et_pb_column type=&#8221;4_4&#8243; _builder_version=&#8221;4.25.0&#8243; _module_preset=&#8221;default&#8221; global_colors_info=&#8221;{}&#8221;][et_pb_text _builder_version=&#8221;4.25.0&#8243; _module_preset=&#8221;default&#8221; hover_enabled=&#8221;0&#8243; sticky_enabled=&#8221;0&#8243;]<\/p>\n<p><a href=\"https:\/\/os-milna.skole.hr\/wp-content\/uploads\/sites\/2075\/2026\/02\/Izvadak-s-9.-sjednice-Skolskog-odbora.pdf\" rel=\"attachment wp-att-296394\">Izvadak s 9. sjednice \u0160kolskog odbora<\/a><\/p>\n<p>[\/et_pb_text][et_pb_text _builder_version=&#8221;4.25.0&#8243; _module_preset=&#8221;default&#8221; hover_enabled=&#8221;0&#8243; sticky_enabled=&#8221;0&#8243; custom_padding=&#8221;0px|||||&#8221; custom_margin=&#8221;-28px|||||&#8221;]<\/p>\n<p><a href=\"https:\/\/os-milna.skole.hr\/wp-content\/uploads\/sites\/2075\/2026\/02\/Poziv-za-9.-sjednicu-Skolskog-odbora.pdf\" rel=\"attachment wp-att-296382\">Poziv za 9. sjednicu \u0160kolskog odbora<\/a><\/p>\n<p>[\/et_pb_text][et_pb_text _builder_version=&#8221;4.25.0&#8243; _module_preset=&#8221;default&#8221; custom_padding=&#8221;0px||0px|||&#8221; global_colors_info=&#8221;{}&#8221; custom_margin=&#8221;-28px|||||&#8221;]<\/p>\n<p><a href=\"https:\/\/os-milna.skole.hr\/wp-content\/uploads\/sites\/2075\/2025\/12\/Izvadak-s-8.-sjednice-Skolskog-odbora.pdf\" rel=\"attachment wp-att-296139\">Izvadak s 8. sjednice \u0160kolskog odbora<\/a><\/p>\n<p>[\/et_pb_text][et_pb_text _builder_version=&#8221;4.25.0&#8243; _module_preset=&#8221;default&#8221; custom_margin=&#8221;-29px|||||&#8221; custom_padding=&#8221;0px|||||&#8221; global_colors_info=&#8221;{}&#8221;]<\/p>\n<p><a href=\"https:\/\/os-milna.skole.hr\/wp-content\/uploads\/sites\/2075\/2025\/12\/Poziv-za-8.-sjednicu-Skolskog-odbora.pdf\" rel=\"attachment wp-att-296133\">Poziv za 8. sjednicu \u0160kolskog odbora<\/a><\/p>\n<p>[\/et_pb_text][et_pb_text _builder_version=&#8221;4.25.0&#8243; _module_preset=&#8221;default&#8221; custom_margin=&#8221;-27px|||||&#8221; global_colors_info=&#8221;{}&#8221;]<\/p>\n<p><a href=\"https:\/\/os-milna.skole.hr\/wp-content\/uploads\/sites\/2075\/2025\/11\/Izvadak-s-7.-sjednice-Skolskog-odbora.pdf\" rel=\"attachment wp-att-296034\">Izvadak s 7. sjednice \u0160kolskog odbora<\/a><\/p>\n<p>[\/et_pb_text][et_pb_text _builder_version=&#8221;4.25.0&#8243; _module_preset=&#8221;default&#8221; min_height=&#8221;25.8px&#8221; custom_margin=&#8221;-39px|||||&#8221; custom_padding=&#8221;13px|||||&#8221; global_colors_info=&#8221;{}&#8221;]<\/p>\n<p><a href=\"https:\/\/os-milna.skole.hr\/wp-content\/uploads\/sites\/2075\/2025\/11\/Poziv-za-7.-sjednicu-Skolskog-odbora.pdf\" rel=\"attachment wp-att-296031\">Poziv za 7. sjednicu \u0160kolskog odbora<\/a><\/p>\n<p>[\/et_pb_text][et_pb_text _builder_version=&#8221;4.25.0&#8243; _module_preset=&#8221;default&#8221; min_height=&#8221;30.8px&#8221; custom_margin=&#8221;-27px|||||&#8221; global_colors_info=&#8221;{}&#8221;]<\/p>\n<p><a href=\"https:\/\/os-milna.skole.hr\/wp-content\/uploads\/sites\/2075\/2025\/11\/Izvadak-s-6.-sjednice-Skolskog-odbora.pdf\" rel=\"attachment wp-att-296019\">Izvadak s 6. sjednice \u0160kolskog odbora<\/a><\/p>\n<p>[\/et_pb_text][et_pb_text _builder_version=&#8221;4.25.0&#8243; _module_preset=&#8221;default&#8221; min_height=&#8221;9.8px&#8221; custom_margin=&#8221;-30px|||||&#8221; custom_padding=&#8221;0px||0px|||&#8221; global_colors_info=&#8221;{}&#8221;]<\/p>\n<p><a href=\"https:\/\/os-milna.skole.hr\/wp-content\/uploads\/sites\/2075\/2025\/11\/Poziv-za-6.-sjednicu-Skolskog-odbora.pdf\" rel=\"attachment wp-att-296013\">Poziv za 6. sjednicu \u0160kolskog odbora<\/a><\/p>\n<p>[\/et_pb_text][et_pb_text _builder_version=&#8221;4.25.0&#8243; _module_preset=&#8221;default&#8221; custom_margin=&#8221;-31px|||||&#8221; custom_padding=&#8221;4px||0px|||&#8221; global_colors_info=&#8221;{}&#8221;]<\/p>\n<p><a href=\"https:\/\/os-milna.skole.hr\/wp-content\/uploads\/sites\/2075\/2025\/10\/Izvadak-s-5.-sjednice-Skolskog-odbora.pdf\" rel=\"attachment wp-att-295701\">Izvadak s 5. sjednice \u0160kolskog odbora<\/a><\/p>\n<p>[\/et_pb_text][et_pb_text _builder_version=&#8221;4.25.0&#8243; _module_preset=&#8221;default&#8221; min_height=&#8221;39.8px&#8221; custom_margin=&#8221;-27px|||||&#8221; custom_padding=&#8221;0px||0px|||&#8221; global_colors_info=&#8221;{}&#8221;]<\/p>\n<p><a href=\"https:\/\/os-milna.skole.hr\/wp-content\/uploads\/sites\/2075\/2025\/10\/Poziv-za-5.-sjednicu-Skolskog-odbora.pdf\" rel=\"attachment wp-att-295698\">Poziv za 5. sjednicu \u0160kolskog odbora<\/a><\/p>\n<p>[\/et_pb_text][et_pb_text _builder_version=&#8221;4.25.0&#8243; _module_preset=&#8221;default&#8221; min_height=&#8221;30.8px&#8221; custom_margin=&#8221;-40px|||||&#8221; custom_padding=&#8221;0px||0px|||&#8221; global_colors_info=&#8221;{}&#8221;]<\/p>\n<p><a href=\"https:\/\/os-milna.skole.hr\/wp-content\/uploads\/sites\/2075\/2025\/10\/Izvadak-s-4.-sjednice-Skolskog-odbora.pdf\" rel=\"attachment wp-att-295656\">Izvadak s 4. sjednice \u0160kolskog odbora<\/a><\/p>\n<p>[\/et_pb_text][et_pb_text _builder_version=&#8221;4.25.0&#8243; _module_preset=&#8221;default&#8221; custom_margin=&#8221;-31px|||||&#8221; custom_padding=&#8221;0px||6px|||&#8221; global_colors_info=&#8221;{}&#8221;]<\/p>\n<p><a href=\"https:\/\/os-milna.skole.hr\/wp-content\/uploads\/sites\/2075\/2025\/10\/Poziv-za-4.-sjednicu-Skolskog-odbora.pdf\" rel=\"attachment wp-att-295653\">Poziv za 4. sjednicu \u0160kolskog odbora<\/a><\/p>\n<p>[\/et_pb_text][et_pb_text _builder_version=&#8221;4.25.0&#8243; _module_preset=&#8221;default&#8221; custom_margin=&#8221;-38px|||||&#8221; custom_padding=&#8221;0px||0px|||&#8221; global_colors_info=&#8221;{}&#8221;]<\/p>\n<p><a href=\"https:\/\/os-milna.skole.hr\/wp-content\/uploads\/sites\/2075\/2025\/09\/Izvadak-s-3.-sjednice-Skolskog-odbora.pdf\" rel=\"attachment wp-att-295581\">Izvadak s 3. sjednice \u0160kolskog odbora<\/a><\/p>\n<p>[\/et_pb_text][et_pb_text _builder_version=&#8221;4.25.0&#8243; _module_preset=&#8221;default&#8221; custom_margin=&#8221;-25px|||||&#8221; custom_padding=&#8221;0px|||||&#8221; global_colors_info=&#8221;{}&#8221;]<\/p>\n<p><a href=\"https:\/\/os-milna.skole.hr\/wp-content\/uploads\/sites\/2075\/2025\/09\/Poziv-za-3.-sjednicu-Skolskog-odbora.pdf\" rel=\"attachment wp-att-295578\">Poziv za 3. sjednicu \u0160kolskog odbora<\/a><\/p>\n<p>[\/et_pb_text][\/et_pb_column][\/et_pb_row][et_pb_row _builder_version=&#8221;4.25.0&#8243; _module_preset=&#8221;default&#8221; global_colors_info=&#8221;{}&#8221;][et_pb_column type=&#8221;4_4&#8243; _builder_version=&#8221;4.25.0&#8243; _module_preset=&#8221;default&#8221; global_colors_info=&#8221;{}&#8221;][et_pb_text _builder_version=&#8221;4.25.0&#8243; _module_preset=&#8221;default&#8221; custom_margin=&#8221;-52px|||||&#8221; global_colors_info=&#8221;{}&#8221;]<\/p>\n<p><a href=\"https:\/\/os-milna.skole.hr\/wp-content\/uploads\/sites\/2075\/2025\/09\/Izvadak-s-2.-sjednice-Skolskog-odbora.pdf\" rel=\"attachment wp-att-295575\">Izvadak s 2. sjednice \u0160kolskog odbora<\/a><\/p>\n<p>[\/et_pb_text][et_pb_text _builder_version=&#8221;4.25.0&#8243; _module_preset=&#8221;default&#8221; custom_margin=&#8221;-29px|||||&#8221; global_colors_info=&#8221;{}&#8221;]<\/p>\n<p><a href=\"https:\/\/os-milna.skole.hr\/wp-content\/uploads\/sites\/2075\/2025\/09\/Poziv-za-2.-sjednicu-Skolskog-odbora.pdf\" rel=\"attachment wp-att-295566\">Poziv za 2. sjednicu \u0160kolskog odbora<\/a><\/p>\n<p>[\/et_pb_text][\/et_pb_column][\/et_pb_row][et_pb_row _builder_version=&#8221;4.25.0&#8243; _module_preset=&#8221;default&#8221; custom_margin=&#8221;|auto|-43px|auto||&#8221; custom_padding=&#8221;||1px|||&#8221; global_colors_info=&#8221;{}&#8221;][et_pb_column type=&#8221;4_4&#8243; _builder_version=&#8221;4.25.0&#8243; _module_preset=&#8221;default&#8221; global_colors_info=&#8221;{}&#8221;][et_pb_text _builder_version=&#8221;4.25.0&#8243; _module_preset=&#8221;default&#8221; min_height=&#8221;53px&#8221; custom_margin=&#8221;-51px||-51px|||&#8221; custom_padding=&#8221;||0px|||&#8221; global_colors_info=&#8221;{}&#8221;]<\/p>\n<p><a href=\"https:\/\/os-milna.skole.hr\/wp-content\/uploads\/sites\/2075\/2025\/04\/Izvadak-s-1.-konstituirajuce-sjednice-Skolskog-odbora.docx\" rel=\"attachment wp-att-295125\">Izvadak s 1. konstituiraju\u0107e sjednice \u0160kolskog odbora 2025.<\/a><\/p>\n<p>[\/et_pb_text][\/et_pb_column][\/et_pb_row][et_pb_row _builder_version=&#8221;4.25.0&#8243; _module_preset=&#8221;default&#8221; global_colors_info=&#8221;{}&#8221;][et_pb_column type=&#8221;4_4&#8243; _builder_version=&#8221;4.25.0&#8243; _module_preset=&#8221;default&#8221; global_colors_info=&#8221;{}&#8221;][et_pb_text _builder_version=&#8221;4.25.0&#8243; _module_preset=&#8221;default&#8221; custom_margin=&#8221;-20px||-28px|||&#8221; custom_padding=&#8221;0px|||||&#8221; global_colors_info=&#8221;{}&#8221;]<\/p>\n<p><a href=\"https:\/\/os-milna.skole.hr\/wp-content\/uploads\/sites\/2075\/2025\/04\/Poziv-za-1.-konstituirajucu-sjednicu-Skolskog-odbora.pdf\" rel=\"attachment wp-att-295119\">Poziv za 1. konstituiraju\u0107u sjednicu \u0160kolskog odbora 2025.<\/a>\u00a0<\/p>\n<p>[\/et_pb_text][\/et_pb_column][\/et_pb_row][et_pb_row _builder_version=&#8221;4.25.0&#8243; _module_preset=&#8221;default&#8221; global_colors_info=&#8221;{}&#8221;][et_pb_column type=&#8221;4_4&#8243; _builder_version=&#8221;4.25.0&#8243; _module_preset=&#8221;default&#8221; global_colors_info=&#8221;{}&#8221;][et_pb_accordion _builder_version=&#8221;4.25.0&#8243; _module_preset=&#8221;default&#8221; global_colors_info=&#8221;{}&#8221;][et_pb_accordion_item title=&#8221;2025. godina&#8221; open=&#8221;on&#8221; _builder_version=&#8221;4.25.0&#8243; _module_preset=&#8221;default&#8221; global_colors_info=&#8221;{}&#8221;][\/et_pb_accordion_item][et_pb_accordion_item title=&#8221;Arhiva&#8221; _builder_version=&#8221;4.25.0&#8243; _module_preset=&#8221;default&#8221; global_colors_info=&#8221;{}&#8221; open=&#8221;off&#8221;]<\/p>\n<p><a href=\"https:\/\/os-milna.skole.hr\/wp-content\/uploads\/sites\/2075\/2024\/10\/Izvadaks53.sjedniceSkolskogodbora.docx\" rel=\"attachment wp-att-293433\">Izvadak+s+53.+sjednice+\u0160kolskog+odbora<\/a> <a href=\"https:\/\/os-milna.skole.hr\/wp-content\/uploads\/sites\/2075\/2024\/10\/Izvadaks54.sjedniceSkolskogodbora.docx\" rel=\"attachment wp-att-293430\">Izvadak+s+54.+sjednice+\u0160kolskog+odbora<\/a> <a href=\"https:\/\/os-milna.skole.hr\/wp-content\/uploads\/sites\/2075\/2024\/10\/Pozivza54.sjednicuSkolskogodbora-1.docx\" rel=\"attachment wp-att-293436\">Poziv+za+54.+sjednicu+\u0160kolskog+odbora (1)<\/a> <a href=\"https:\/\/os-milna.skole.hr\/wp-content\/uploads\/sites\/2075\/2024\/10\/Pozivza53.sjednicuSkolskogodbora.docx\" rel=\"attachment wp-att-293442\">Poziv+za+53.+sjednicu+\u0160kolskog+odbora<\/a> <a href=\"https:\/\/os-milna.skole.hr\/wp-content\/uploads\/sites\/2075\/2025\/01\/Izvadak-s-55.-sjednice-Skolskog-odbora.docx\" rel=\"attachment wp-att-294378\">Izvadak s 55. sjednice \u0160kolskog odbora<\/a> <a href=\"https:\/\/os-milna.skole.hr\/wp-content\/uploads\/sites\/2075\/2025\/01\/Poziv-za-55.-sjednicu-Skolskog-odbora.docx\" rel=\"attachment wp-att-294375\">Poziv za 55. sjednicu \u0160kolskog odbora<\/a> <a href=\"https:\/\/os-milna.skole.hr\/wp-content\/uploads\/sites\/2075\/2025\/01\/Poziv-za-56.-sjednicu-Skolskog-odbora.docx\" rel=\"attachment wp-att-294369\">Poziv za 56. sjednicu \u0160kolskog odbora<\/a> <a href=\"https:\/\/os-milna.skole.hr\/wp-content\/uploads\/sites\/2075\/2025\/01\/Izvadak-s-56.-sjednice-Skolskog-odbora.docx\" rel=\"attachment wp-att-294372\">Izvadak s 56. sjednice \u0160kolskog odbora<\/a> <a href=\"https:\/\/os-milna.skole.hr\/wp-content\/uploads\/sites\/2075\/2025\/01\/Izvadak-s-57.-sjednice-Skolskog-odbora.docx\" rel=\"attachment wp-att-294366\">Izvadak s 57. sjednice \u0160kolskog odbora<\/a> <a href=\"https:\/\/os-milna.skole.hr\/wp-content\/uploads\/sites\/2075\/2025\/01\/Poziv-za-57.-sjednicu-Skolskog-odbora.docx\" rel=\"attachment wp-att-294363\">Poziv za 57. sjednicu \u0160kolskog odbora<\/a> <a href=\"https:\/\/os-milna.skole.hr\/wp-content\/uploads\/sites\/2075\/2025\/01\/Poziv-za-58.-sjednicu-Skolskog-odbora.docx\" rel=\"attachment wp-att-294357\">Poziv za 58. sjednicu \u0160kolskog odbora<\/a> <a href=\"https:\/\/os-milna.skole.hr\/wp-content\/uploads\/sites\/2075\/2025\/01\/Izvadak-s-58.-sjednice-Skolskog-odbora.docx\" rel=\"attachment wp-att-294360\">Izvadak s 58. sjednice \u0160kolskog odbora<\/a> <a href=\"https:\/\/os-milna.skole.hr\/wp-content\/uploads\/sites\/2075\/2025\/01\/Poziv-za-59.-sjednicu-Skolskog-odbora.docx\" rel=\"attachment wp-att-294354\">Poziv za 59. sjednicu \u0160kolskog odbora<\/a> <a href=\"https:\/\/os-milna.skole.hr\/wp-content\/uploads\/sites\/2075\/2025\/01\/Izvadak-s-59.-sjednice-Skolskog-odbora.docx\" rel=\"attachment wp-att-294351\">Izvadak s 59. sjednice \u0160kolskog odbora<\/a> <a href=\"https:\/\/os-milna.skole.hr\/wp-content\/uploads\/sites\/2075\/2025\/04\/Poziv-za-60.-sjednicu-Skolskog-odbora.docx\" rel=\"attachment wp-att-294885\">Poziv za 60. sjednicu \u0160kolskog odbora<\/a> <a href=\"https:\/\/os-milna.skole.hr\/wp-content\/uploads\/sites\/2075\/2025\/04\/Izvadak-s-60.-sjednice-Skolskog-odbora.docx\" rel=\"attachment wp-att-294891\">Izvadak s 60. sjednice \u0160kolskog odbora<\/a><a href=\"https:\/\/os-milna.skole.hr\/wp-content\/uploads\/sites\/2075\/2025\/04\/Poziv-za-61.-sjednicu-Skolskog-odbora.docx\" rel=\"attachment wp-att-295059\">Poziv za 61. sjednicu \u0160kolskog odbora<\/a><a href=\"https:\/\/os-milna.skole.hr\/wp-content\/uploads\/sites\/2075\/2025\/04\/Izvadak-s-61.-sjednice-Skolskog-odbora.docx\" rel=\"attachment wp-att-295065\">Izvadak s 61. sjednice \u0160kolskog odbora<\/a><a href=\"https:\/\/os-milna.skole.hr\/wp-content\/uploads\/sites\/2075\/2025\/04\/Izvadak-s-60.-sjednice-Skolskog-odbora.docx\" rel=\"attachment wp-att-294891\"><\/a><\/p>\n<p>[\/et_pb_accordion_item][\/et_pb_accordion][\/et_pb_column][\/et_pb_row][et_pb_row _builder_version=&#8221;4.25.0&#8243; _module_preset=&#8221;default&#8221; custom_margin=&#8221;|auto|-1px|auto||&#8221; custom_padding=&#8221;0px|||||&#8221; global_colors_info=&#8221;{}&#8221;][et_pb_column type=&#8221;4_4&#8243; _builder_version=&#8221;4.25.0&#8243; _module_preset=&#8221;default&#8221; global_colors_info=&#8221;{}&#8221;][et_pb_text _builder_version=&#8221;4.25.0&#8243; _module_preset=&#8221;default&#8221; min_height=&#8221;52.8px&#8221; custom_margin=&#8221;-4px||-39px|||&#8221; custom_padding=&#8221;0px||0px|||&#8221; global_colors_info=&#8221;{}&#8221;]<\/p>\n<p><strong>Izbor predstavnika radnika za \u0160kolski odbor 2025.<\/strong><\/p>\n<p>[\/et_pb_text][\/et_pb_column][\/et_pb_row][et_pb_row _builder_version=&#8221;4.25.0&#8243; _module_preset=&#8221;default&#8221; global_colors_info=&#8221;{}&#8221;][et_pb_column type=&#8221;4_4&#8243; _builder_version=&#8221;4.25.0&#8243; _module_preset=&#8221;default&#8221; global_colors_info=&#8221;{}&#8221;][et_pb_text _builder_version=&#8221;4.25.0&#8243; _module_preset=&#8221;default&#8221; min_height=&#8221;2.8px&#8221; custom_margin=&#8221;-32px|||||&#8221; custom_padding=&#8221;5px||0px|||&#8221; global_colors_info=&#8221;{}&#8221;]<\/p>\n<p><a href=\"https:\/\/os-milna.skole.hr\/wp-content\/uploads\/sites\/2075\/2025\/04\/Prijedlog-za-izbor-predstavnika-radnika-u-Skolski-odbor.pdf\" rel=\"attachment wp-att-295086\">Prijedlog za izbor predstavnika radnika u \u0160kolski odbor<\/a><\/p>\n<p>[\/et_pb_text][\/et_pb_column][\/et_pb_row][et_pb_row _builder_version=&#8221;4.25.0&#8243; _module_preset=&#8221;default&#8221; custom_margin=&#8221;-26px|auto||auto||&#8221; custom_padding=&#8221;||29px|||&#8221; global_colors_info=&#8221;{}&#8221;][et_pb_column type=&#8221;4_4&#8243; _builder_version=&#8221;4.25.0&#8243; _module_preset=&#8221;default&#8221; global_colors_info=&#8221;{}&#8221;][et_pb_text _builder_version=&#8221;4.25.0&#8243; _module_preset=&#8221;default&#8221; custom_margin=&#8221;-22px|||||&#8221; custom_padding=&#8221;||0px|||&#8221; global_colors_info=&#8221;{}&#8221;]<\/p>\n<p><a href=\"https:\/\/os-milna.skole.hr\/wp-content\/uploads\/sites\/2075\/2025\/04\/Poziv-za-skup-radnika.pdf\" rel=\"attachment wp-att-295092\">Poziv za skup radnika<\/a><\/p>\n<p>[\/et_pb_text][\/et_pb_column][\/et_pb_row][et_pb_row _builder_version=&#8221;4.25.0&#8243; _module_preset=&#8221;default&#8221; custom_margin=&#8221;-12px|auto||auto||&#8221; global_colors_info=&#8221;{}&#8221;][et_pb_column type=&#8221;4_4&#8243; _builder_version=&#8221;4.25.0&#8243; _module_preset=&#8221;default&#8221; global_colors_info=&#8221;{}&#8221;][et_pb_text _builder_version=&#8221;4.25.0&#8243; _module_preset=&#8221;default&#8221; min_height=&#8221;38.8px&#8221; custom_margin=&#8221;-48px|||||&#8221; custom_padding=&#8221;7px||23px|||&#8221; global_colors_info=&#8221;{}&#8221;]<\/p>\n<p><a href=\"https:\/\/os-milna.skole.hr\/wp-content\/uploads\/sites\/2075\/2025\/04\/Odluka-o-imenovanju-Izbornog-odbora.pdf\" rel=\"attachment wp-att-295095\">Odluka o imenovanju Izbornog odbora<\/a><\/p>\n<p>[\/et_pb_text][\/et_pb_column][\/et_pb_row][et_pb_row _builder_version=&#8221;4.25.0&#8243; _module_preset=&#8221;default&#8221; global_colors_info=&#8221;{}&#8221;][et_pb_column type=&#8221;4_4&#8243; _builder_version=&#8221;4.25.0&#8243; _module_preset=&#8221;default&#8221; global_colors_info=&#8221;{}&#8221;][et_pb_text _builder_version=&#8221;4.25.0&#8243; _module_preset=&#8221;default&#8221; min_height=&#8221;34px&#8221; custom_margin=&#8221;-78px|||||&#8221; custom_padding=&#8221;4px||3px|||&#8221; global_colors_info=&#8221;{}&#8221;]<\/p>\n<p><a href=\"https:\/\/os-milna.skole.hr\/wp-content\/uploads\/sites\/2075\/2025\/04\/Odluka-o-provodenju-izbora-predstavnika-radnika-u-Skolski-odbor.pdf\" rel=\"attachment wp-att-295098\">Odluka o provo\u0111enju izbora predstavnika radnika u \u0160kolski odbor<\/a><\/p>\n<p>[\/et_pb_text][\/et_pb_column][\/et_pb_row][\/et_pb_section]<\/p>\n","protected":false},"excerpt":{"rendered":"<p>\u010clanovi \u0160kolskog odbora: Mate Plazibat &#8211; predsjednik (predstavnik U\u010diteljskog vije\u0107a) Ivana Lovrekovi\u0107 Bona\u010di\u0107 &#8211; zamjenik predsjednika (predstavnik U\u010diteljskog vije\u0107a) Maria Stipanovi\u0107 (predstavnik Radni\u010dkog vije\u0107a) Vickoslav Bona\u010di\u0107-Vi\u010di\u0107\u00a0 &#8211; (predstavnik Vije\u0107a roditelja) \u00a0 \u00a0 \u00a0 \u00a0 \u00a0 \u00a0 \u00a0 \u00a0 \u00a0 \u00a0 \u00a0 \u00a0 \u00a0 \u00a0 \u00a0 \u00a0(predstavnik Osniva\u010da) \u00a0 \u00a0 \u00a0 \u00a0 \u00a0 \u00a0 \u00a0 \u00a0 [&hellip;]<\/p>\n","protected":false},"author":0,"featured_media":0,"parent":0,"menu_order":0,"comment_status":"closed","ping_status":"closed","template":"","meta":{"_et_pb_use_builder":"on","_et_pb_old_content":"","_et_gb_content_width":"","footnotes":""},"class_list":["post-56","page","type-page","status-publish","hentry"],"_links":{"self":[{"href":"https:\/\/os-milna.skole.hr\/index.php?rest_route=\/wp\/v2\/pages\/56","targetHints":{"allow":["GET"]}}],"collection":[{"href":"https:\/\/os-milna.skole.hr\/index.php?rest_route=\/wp\/v2\/pages"}],"about":[{"href":"https:\/\/os-milna.skole.hr\/index.php?rest_route=\/wp\/v2\/types\/page"}],"replies":[{"embeddable":true,"href":"https:\/\/os-milna.skole.hr\/index.php?rest_route=%2Fwp%2Fv2%2Fcomments&post=56"}],"version-history":[{"count":25,"href":"https:\/\/os-milna.skole.hr\/index.php?rest_route=\/wp\/v2\/pages\/56\/revisions"}],"predecessor-version":[{"id":296397,"href":"https:\/\/os-milna.skole.hr\/index.php?rest_route=\/wp\/v2\/pages\/56\/revisions\/296397"}],"wp:attachment":[{"href":"https:\/\/os-milna.skole.hr\/index.php?rest_route=%2Fwp%2Fv2%2Fmedia&parent=56"}],"curies":[{"name":"wp","href":"https:\/\/api.w.org\/{rel}","templated":true}]}}