{"id":68,"date":"2023-07-28T22:06:56","date_gmt":"2023-07-28T20:06:56","guid":{"rendered":"https:\/\/os-milna.skole.hr\/?page_id=68"},"modified":"2024-11-04T12:17:52","modified_gmt":"2024-11-04T11:17:52","slug":"strucne-sluzbe","status":"publish","type":"page","link":"https:\/\/os-milna.skole.hr\/?page_id=68","title":{"rendered":"Stru\u010dne slu\u017ebe"},"content":{"rendered":"<p>[et_pb_section fb_built=&#8221;1&#8243; _builder_version=&#8221;4.25.0&#8243; _module_preset=&#8221;default&#8221; global_colors_info=&#8221;{}&#8221;][et_pb_row _builder_version=&#8221;4.25.0&#8243; _module_preset=&#8221;default&#8221; global_colors_info=&#8221;{}&#8221;][et_pb_column type=&#8221;4_4&#8243; _builder_version=&#8221;4.25.0&#8243; _module_preset=&#8221;default&#8221; global_colors_info=&#8221;{}&#8221;][et_pb_text _builder_version=&#8221;4.25.0&#8243; _module_preset=&#8221;default&#8221; global_colors_info=&#8221;{}&#8221;]<\/p>\n<table align=\"left\" border=\"1\" cellpadding=\"1\" cellspacing=\"1\">\n<tbody>\n<tr>\n<td colspan=\"2\">\n<p><span><strong><u>STRU\u010cNO-RAZVOJNA SLU\u017dBA<\/u>:<\/strong><\/span><\/p>\n<\/td>\n<\/tr>\n<tr>\n<td><span><strong>\u00a0 \u00a0Knji\u017eni\u010dar:<\/strong><\/span><\/td>\n<td>\n<p>\u00a0Maja Topi\u0107<\/p>\n<\/td>\n<\/tr>\n<tr>\n<td>\u00a0<span>\u00a0<\/span><strong><span>Defektolog<\/span><\/strong>:<\/td>\n<td>\u00a0Mia Korda<\/td>\n<\/tr>\n<tr>\n<td><span>\u00a0 \u00a0<strong>Pedagog:<\/strong><\/span><\/td>\n<td>\n<p><span style=\"font-family: arial, helvetica, sans-serif\"><span>\u00a0Mia Korda<\/span><\/span><\/p>\n<\/td>\n<\/tr>\n<tr>\n<td colspan=\"2\">\n<p><span><strong>\u00a0<u>ADMINISTRATIVNA SLU\u017dBA<\/u>:<\/strong><\/span><\/p>\n<\/td>\n<\/tr>\n<tr>\n<td><span><strong>\u00a0\u00a0 Tajnica:<\/strong><\/span><\/td>\n<td>\n<p><span style=\"font-family: arial, helvetica, sans-serif\"><span>\u00a0Tonijela Vranji\u010di\u0107<\/span><\/span><\/p>\n<\/td>\n<\/tr>\n<tr>\n<td><span><strong>\u00a0\u00a0 Ra\u010dunovotkinja:<\/strong><\/span><\/td>\n<td>\n<p><span>\u00a0<\/span>Maria Stipanovi\u0107<\/p>\n<\/td>\n<\/tr>\n<tr>\n<td colspan=\"2\">\n<p><big>\u00a0<strong><span><u>TEHNI\u010cKO OSOBLJE<\/u>:<\/span><\/strong><\/big><\/p>\n<\/td>\n<\/tr>\n<tr>\n<td><span><strong>\u00a0\u00a0 Domar:<\/strong><\/span><\/td>\n<td>\n<p><span>\u00a0<\/span>Ecio Marinkovi\u0107<\/p>\n<\/td>\n<\/tr>\n<tr>\n<td><span><strong>\u00a0\u00a0 Pomo\u0107na kuharica\/sprema\u010dica:<\/strong><\/span><\/td>\n<td>\n<p><span>\u00a0<\/span>Marina Galovi\u0107<\/p>\n<\/td>\n<\/tr>\n<tr>\n<td rowspan=\"2\"><span><strong>\u00a0\u00a0 Sprema\u010dice:<\/strong><\/span><\/td>\n<td>\n<p><span>\u00a0<\/span><\/p>\n<\/td>\n<\/tr>\n<tr>\n<td>\n<p>\u00a0<span>I<\/span><span>vana Bona\u010di\u0107 Dori\u0107<\/span><\/p>\n<p>Ana Majstrovi\u0107<\/p>\n<\/td>\n<\/tr>\n<\/tbody>\n<\/table>\n<p>[\/et_pb_text][\/et_pb_column][\/et_pb_row][\/et_pb_section]<\/p>\n","protected":false},"excerpt":{"rendered":"<p>STRU\u010cNO-RAZVOJNA SLU\u017dBA: \u00a0 \u00a0Knji\u017eni\u010dar: \u00a0Maja Topi\u0107 \u00a0\u00a0Defektolog: \u00a0Mia Korda \u00a0 \u00a0Pedagog: \u00a0Mia Korda \u00a0ADMINISTRATIVNA SLU\u017dBA: \u00a0\u00a0 Tajnica: \u00a0Tonijela Vranji\u010di\u0107 \u00a0\u00a0 Ra\u010dunovotkinja: \u00a0Maria Stipanovi\u0107 \u00a0TEHNI\u010cKO OSOBLJE: \u00a0\u00a0 Domar: \u00a0Ecio Marinkovi\u0107 \u00a0\u00a0 Pomo\u0107na kuharica\/sprema\u010dica: \u00a0Marina Galovi\u0107 \u00a0\u00a0 Sprema\u010dice: \u00a0 \u00a0Ivana Bona\u010di\u0107 Dori\u0107 Ana Majstrovi\u0107<\/p>\n","protected":false},"author":0,"featured_media":0,"parent":0,"menu_order":0,"comment_status":"closed","ping_status":"closed","template":"","meta":{"_et_pb_use_builder":"on","_et_pb_old_content":"","_et_gb_content_width":"","footnotes":""},"class_list":["post-68","page","type-page","status-publish","hentry"],"_links":{"self":[{"href":"https:\/\/os-milna.skole.hr\/index.php?rest_route=\/wp\/v2\/pages\/68","targetHints":{"allow":["GET"]}}],"collection":[{"href":"https:\/\/os-milna.skole.hr\/index.php?rest_route=\/wp\/v2\/pages"}],"about":[{"href":"https:\/\/os-milna.skole.hr\/index.php?rest_route=\/wp\/v2\/types\/page"}],"replies":[{"embeddable":true,"href":"https:\/\/os-milna.skole.hr\/index.php?rest_route=%2Fwp%2Fv2%2Fcomments&post=68"}],"version-history":[{"count":2,"href":"https:\/\/os-milna.skole.hr\/index.php?rest_route=\/wp\/v2\/pages\/68\/revisions"}],"predecessor-version":[{"id":293640,"href":"https:\/\/os-milna.skole.hr\/index.php?rest_route=\/wp\/v2\/pages\/68\/revisions\/293640"}],"wp:attachment":[{"href":"https:\/\/os-milna.skole.hr\/index.php?rest_route=%2Fwp%2Fv2%2Fmedia&parent=68"}],"curies":[{"name":"wp","href":"https:\/\/api.w.org\/{rel}","templated":true}]}}